e
Let n(g) be the third derivative of -7*g**4/24 + 3*g**3/2 + 6*g**2. Is n(-10) a composite number?
False
Let c(x) = -x**2 + 10*x + 4. Let h be c(10). Suppose 7*l = h*l. Suppose l*j - 4*j = -332. Is j a prime number?
True
Let h(b) = b**3 + 8*b**2 + b + 8. Let x be h(-8). Suppose 5*o - 183 = -4*u, x = 7*u - 2*u - 10. Is o a composite number?
True
Let q = -462 + 857. Is q a prime number?
False
Suppose 7 = -2*l - 9. Let w(a) = -a**3 - 7*a**2 + 2*a + 5. Is w(l) prime?
True
Suppose -3*z + 144 = -63. Is z a composite number?
True
Let o be -2 - (1 - 0 - 6). Let h(j) = j**3 - j**2 + 4. Is h(o) prime?
False
Let p(c) = c - 3. Let o be p(3). Suppose o = -q + 84 + 47. Is q a composite number?
False
Is (-1543 + 11)*(-3)/4 a composite number?
True
Suppose -3*k - 2*k - 225 = -5*m, 2*k - 33 = -m. Suppose -4*z = -3*a - m, 0 = -5*z - a + 4*a + 55. Suppose -c = -8 - z. Is c a composite number?
True
Let p(u) = u**3 - 15*u**2 + 5*u - 47. Is p(20) prime?
True
Let q = 1480 - 609. Is q prime?
False
Let d(t) = t**3 + 4*t**2 + 3*t + 2. Let r be d(-3). Suppose 4*i = -5*f + 758, -3*i + 557 = r*f - 4*f. Is i a composite number?
True
Let l = 16 - 122. Let g = l - -175. Is g a prime number?
False
Suppose 2*k - 3*k + 9 = 2*c, -3*k + 18 = 3*c. Suppose -3*t = -3, -w + c*t + 10 = -10. Is w a composite number?
False
Let k(t) = 2*t**2 + 2*t + 1. Suppose -3*x + 15 = 4*y, 5*y = y + 5*x + 39. Is k(y) a composite number?
True
Let h = 43 + 7. Let w = -19 + h. Is w composite?
False
Let s = -1 + 8. Suppose h + 14 = -5*k, 2*h + 2*k + s = 3*h. Let f = h - -14. Is f a composite number?
True
Let d(j) = -j**3 - j**2 + 9*j - 7. Is d(-6) a prime number?
False
Let x be (-39)/(-12) - 2/8. Suppose 0 = 2*i + 3*w - 158, -2*i + 395 = x*i - 2*w. Is i composite?
False
Let r = 568 - 1046. Let m = r - -998. Let z = 851 - m. Is z prime?
True
Suppose s - 4*w - 52 = 0, w + 3 - 4 = 0. Suppose 5*o = s + 39. Is o a prime number?
True
Suppose 2*z - 3*o - 61 = z, z = -2*o + 36. Suppose -x + 33 = -31. Suppose -5*p = -z - x. Is p prime?
False
Suppose 10*h - 1490 = 5*h - 5*j, -h - 4*j + 307 = 0. Let u = -8 + h. Is u a composite number?
True
Suppose -4*r + h - 541 = 0, -5*r - 677 = -4*h + 2*h. Let u = 338 + r. Is u a composite number?
True
Suppose -5*m + 7 = -8. Suppose -4*y + 4 = -3*y. Suppose -m*p + 127 = v + y*v, 0 = -4*v - 3*p + 104. Is v a prime number?
True
Suppose 3*g - g = 18. Is g*((-17)/(-3) - 0) a prime number?
False
Is (-6)/15 + 13761/15 composite?
True
Let n = 0 - 0. Suppose n = b - 4*v + v - 31, 0 = 2*b - v - 62. Is b a composite number?
False
Suppose 0 = m - 2*r - 1, -2*m + 1 + 0 = -3*r. Is (-195)/(-10) + m/2 a prime number?
True
Suppose -4*s = -s. Suppose -5*c - 2 = -2*t - 2*t, s = -3*c + 2*t. Is 117 + 2/(c/(-2)) a composite number?
True
Suppose 2*o - 3*o + 4 = 0. Let q be (-5 - -1)*2*93/(-6). Suppose -88 - q = -o*n. Is n prime?
True
Let p = 2 + 1. Suppose p = 4*d + 11, -5*m - 2*d = -341. Is m prime?
False
Let p(x) = -x - 3. Let n be p(-6). Suppose l - 4*b - 47 = 0, n*l - 2*b - 59 = 42. Is l a prime number?
True
Let x(k) = 312*k**3 - k**2 + k - 1. Let o be x(1). Suppose -t = -4*v + o, -3*v + 89 = -2*v + 2*t. Is v prime?
True
Let f(c) = 2*c**2 + 2*c + 5. Is f(6) prime?
True
Suppose 4*z = 4*w + 44, -2*z - 79 = -7*z - w. Is z a prime number?
False
Let f(o) = -37*o**3 - 2*o**2 - o + 2. Let v be f(-2). Suppose v - 1347 = -5*t. Is t prime?
True
Let u be (3/6)/((-2)/(-8)). Suppose -5*d + 1486 = 3*p + 81, u*d = 2*p + 546. Suppose 0 = 2*v + 4*y - d, 0 = v + 4*v - y - 750. Is v composite?
False
Let k = 5 - 5. Suppose 3*c - 273 = -k*c. Is c a prime number?
False
Let j(m) = -3982*m**3 + 1. Is j(-1) a composite number?
True
Let h(z) = -z**3 + 4*z**2 + 2*z + 2. Let t be h(5). Let j = 82 + -48. Let a = t + j. Is a composite?
True
Let a be 1 + (4 + -2 - 1). Suppose -c + 86 = -3*t, 4*c + a*t - 392 = -2*t. Is c composite?
True
Let s = 6 + -4. Suppose 2*o = -s*o + 428. Let k = o + -30. Is k a prime number?
False
Let k = 2 + 2. Let x = 20 + k. Suppose 36 + x = 4*l. Is l a prime number?
False
Suppose 4*c - 1107 = -p, 4*c - 2 = 3*c. Is p prime?
False
Let r(c) = -264*c**3 + 3*c**2 + c - 3. Is r(-2) a prime number?
False
Let s(b) = 74*b**2 - 1. Is s(2) a prime number?
False
Let n(b) be the second derivative of 0 + 1/6*b**4 + b**3 + 2*b + 7/2*b**2. Is n(6) a prime number?
False
Suppose -4*i + 1585 = 3*a, 2*a = -4 + 2. Is i a composite number?
False
Let y = -71 + 170. Suppose -y = -5*k - 4. Is k prime?
True
Let z(f) = -f**2 + 5*f + 3. Let l be z(5). Suppose 36 = 3*t + 3*j, t + l*t - 69 = 3*j. Is t composite?
True
Let n(w) = w**2 - 3*w - 13. Let m be (0 + 1 - 1) + 5. Suppose -r = 2*i + 4*r - m, -r - 43 = -4*i. Is n(i) a prime number?
False
Is ((-5961)/(-9))/(11/33) a prime number?
True
Let f(j) = -j - 1. Let v(m) = 12*m + 18. Let k(h) = 18*f(h) + v(h). Let p be k(-1). Suppose -2*i = -p*i + 28. Is i a prime number?
True
Let d = 4 - 2. Let h(r) = 2*r**3 + 2*r**2 - 2*r - 2. Let q be h(d). Let u = q + 35. Is u a composite number?
False
Is (11/(-22))/(0 - 1/754) a prime number?
False
Suppose 9*z + 164 = 5*z. Let q = 88 + z. Is q a prime number?
True
Let z = 9853 + -6932. Is z a composite number?
True
Let u be 328/18 + 4/(-18). Let p = -44 + u. Let r = p - -63. Is r a prime number?
True
Suppose -5*u + 5 = 2*i - 1, -5*u = 3*i - 4. Suppose -r + u*f = 23 - 208, 3*r + 3*f - 600 = 0. Suppose 0 = -k - 2*k + r. Is k a composite number?
True
Suppose -k - 19 = 4*d, 0*k = 5*k + 2*d + 5. Is 2 - k - 136/(-2) a prime number?
False
Let p(w) = 138*w - 7. Is p(7) composite?
True
Suppose -89 = -b - 22. Is b composite?
False
Let x(b) = -b**2 - 2*b + 2 - 1 - 2*b + 1. Let s be x(-6). Is ((-75)/s)/(1/2) composite?
True
Suppose -196 = -u - 5*b, 0 = -2*u - 3*u - 4*b + 959. Is u a composite number?
False
Suppose 4*v - 2*j - 314 = 0, -4*v = j - 5*j - 316. Let w = 56 + v. Is w composite?
True
Suppose -2*a = 2*y - 1391 - 1033, -3*a + 4*y + 3643 = 0. Is a a prime number?
True
Let b(u) = 1167*u**2 - 2*u. Is b(1) prime?
False
Let s(q) = -6*q**3 - 2*q - 1. Let x be s(-1). Suppose x = -4*c - 1. Is c*(10/(-4) + 1) prime?
True
Let z(q) = 2*q**2 - 4. Let t be z(-3). Is (t/(-4))/(7/(-14)) a prime number?
True
Let i(s) = -34*s - 5. Is i(-7) composite?
False
Let w = -270 + 493. Is w prime?
True
Let a = 117 + -80. Is a a prime number?
True
Let r = -79 + 113. Is r a composite number?
True
Suppose -4*s - 14 = 2*m, 0 = -3*s - 0 - 3. Is (-2 - m)/6*290 a composite number?
True
Let p be 0/(-1 - 2) - -8. Suppose -k + 59 = -p. Is k a composite number?
False
Is 3*1 + 6244/7 a prime number?
False
Let j(y) = -y**2 + 5*y + 4. Let r be j(5). Let d(i) = r*i**2 - 4*i - 3*i**2 + 3*i - 1. Is d(5) a composite number?
False
Suppose -69*l = -70*l + 1657. Is l composite?
False
Suppose 2121 = 106*d - 103*d. Is d prime?
False
Let n = 1583 - 852. Is n a composite number?
True
Let s(m) be the second derivative of -2*m**3/3 - 3*m**2/2 - 8*m. Let r be (-9)/(0 + 1 + 0). Is s(r) a prime number?
False
Suppose -2*r - z = -1810, -4*r + z = 2*z - 3624. Is r a composite number?
False
Suppose 10*s = 8*s + 4*v + 3488, 0 = -4*v + 20. Is s a composite number?
True
Let w(h) = 220*h**3 + h**2 - h + 1. Is w(1) composite?
True
Suppose -7*t = -4*t - 6. Suppose 5*r - 3*w = -t*w + 438, 0 = 5*r + w - 432. Is r a prime number?
False
Let d(i) = 2*i**3 + 8*i**2 - 2*i - 3. Let v be d(-4). Suppose -v*s + 75 = -40. Is s a prime number?
True
Let v be (-2)/(-4)*(-4 + 0). Let k be ((-28)/(-3))/(v/(-6)). Suppose x = 185 - k. Is x prime?
True
Is (5 - 4706/8)/((-2)/8) a composite number?
False
Let k(z) = 3*z**2 + 11*z + 12. Let q be k(-11). Suppose 0*v - 2*v + q = 0. Is v a prime number?
True
Let z be (-2)/7 - (-198)/7. Suppose -l - 6 = -5*p - z, 0 = -5*l + 4*p + 26. Suppose -l*o = 2*o - 40. Is o composite?
True
Let g(p) = -p**3 + 3*p**2 + 4*p + 2. Let s be g(4). Suppose -s*c - 20 - 52 = 0. Let t = 69 + c. Is t prime?
False
Let t be 6/4 - 49/14. Is t - ((-48)/3 + -1) a composite number?
True
Suppose -2*z = -4*o + 790, -6*o + 2*o + 5*z + 781 = 0. Is o composite?
False
Let m(h) = h. Let g(s) = 42*s - 1. Let r(v) = g(v) + 4*m(v). Is r(2) a composite number?
True
Suppose 0*a - 5*a = 0. Suppose a*j + 4*j = 24. Is -99*(0 - 2)/j prime?
False
Suppose c + 5*i - 204 = 0, 3*i + 522 = c + 2*c. Is c a prime number?
True
Let p = -3 - -